*a + 5*k = -69 - 162, 0 = -4*a - 4*k + 276. Calculate the greatest common factor of a and 48.
16
Suppose 7*r - 101 = 102. What is the highest common factor of 58 and r?
29
Let v = -162 - -184. Calculate the highest common factor of 242 and v.
22
Let w = -269 - -315. What is the greatest common factor of 92 and w?
46
Let s be (-1 - 10)/(3 - (3 + 1)). Let j = s - 8. What is the highest common factor of j and 9?
3
Let z(a) = 15*a - 9. Let v be z(7). Let f = v + -70. Calculate the highest common divisor of 234 and f.
26
Let u = 92 + -69. What is the greatest common divisor of u and 529?
23
Let x = 252 + -197. Let t(g) = -10*g**3 - 2*g - 1. Let f be t(-1). Calculate the greatest common factor of x and f.
11
Let b = 138 - 66. Suppose 0 = 4*o + 20 - b. Calculate the highest common divisor of o and 299.
13
Let w = -76 - -616. Calculate the greatest common factor of 15 and w.
15
Let o be (162/(-30) + 7)/((-18)/(-225)). What is the highest common divisor of o and 100?
20
Suppose 7*m - n - 157 = 3*m, 153 = 4*m + 3*n. Calculate the greatest common factor of m and 91.
13
Suppose 1026 = 3*f + 3*d, 0 = 2*d + 5 + 3. Let y = f - 196. Let u = y - 54. Calculate the highest common factor of 12 and u.
12
Suppose c - 3*l - 3 = 0, -4*l = 5*c - 3 - 12. Let b be 11 - 12/(c - 0). Calculate the greatest common factor of 28 and b.
7
Let j be (-1)/(-4)*2 + 20/8. Suppose 2*q - j*m - 19 = 0, 15 = -2*q - 3*m + 52. Calculate the highest common divisor of q and 7.
7
Suppose -5*z - 736 = -776. Calculate the greatest common factor of z and 8.
8
Let f be (-4 + (-28)/(-8))*-100. Let l = -38 + f. Calculate the highest common factor of l and 24.
12
Suppose 5*s = 4*t + 210, 2*t + 42 = t - 4*s. Let c be 2/(-10) - 5960/t. What is the greatest common factor of 17 and c?
17
Let k(g) = 2*g**3 + 43*g**2 - 20*g + 48. Let t be k(-22). What is the highest common factor of t and 188?
4
Suppose 6*g = 9*g - 81. Calculate the greatest common divisor of g and 189.
27
Let i(k) = -6*k - 10. Let s be i(-11). Calculate the greatest common factor of s and 476.
28
Let o be ((-3)/9)/(7 - 2743/390). Suppose 3*g + 0*g - 15 = 0. What is the highest common factor of o and g?
5
Let s = -137 + 197. What is the highest common factor of s and 96?
12
Suppose -f = l + 4*l - 495, -f = 0. Let m = -16 + 27. Calculate the highest common divisor of l and m.
11
Let d be ((-3)/(-2))/(1/2). Suppose -d*p = 346 - 889. Let g = -125 + p. What is the highest common divisor of g and 7?
7
Let p be 288/90 - (-1)/(-5). Calculate the highest common divisor of 45 and p.
3
Let d(s) = s**2 - 15*s + 12. Let f = 103 - 88. Let u be d(f). Calculate the greatest common divisor of u and 18.
6
Let s(g) = 8*g - 4. Let f be s(3). Let q = 579 - 499. Calculate the greatest common factor of q and f.
20
Suppose -945 = -3*w - 3*i + 72, 3*w + i - 1025 = 0. What is the highest common factor of 147 and w?
49
Suppose 2*h - 24 = -2*h. Let y be -33*5/(-10)*8/h. Calculate the highest common divisor of 110 and y.
22
Let i(r) = -r. Let x be i(-3). Suppose -q = -6 + 12. Let w = q - -15. What is the highest common divisor of w and x?
3
Let u(w) = 7*w**2 + 3*w. Let m be u(-3). Let p be 107/(-1284) + 914/24 + -2. What is the greatest common divisor of p and m?
18
Let t(o) = o**3 - 6*o**2 + 2*o - 7. Let c be t(6). Suppose -4*w = 5*m - 58, -6 = -m - w + c. What is the greatest common divisor of m and 14?
14
Suppose 0 = -3*j + i + 606, 3*i + 543 = 5*j - 471. Calculate the highest common divisor of j and 134.
67
Suppose 3*y = 19*y - 224. What is the greatest common factor of 70 and y?
14
Let t(p) = 7*p**3 + 14*p**2 - 24*p + 1. Let a be t(2). What is the highest common divisor of 2015 and a?
65
Let n = -514 - -537. What is the highest common divisor of 621 and n?
23
Suppose t = -2*p - 0*p, t = 5*p - 14. Calculate the greatest common divisor of 3 and p.
1
Let h(j) = 2 - 8 + 2*j + j**2 - 19*j. Let t be h(18). Let b be 2/12 - (-214)/t. What is the greatest common factor of b and 6?
6
Let o(q) = 39 - 18 - 22 + q**2 - 4*q. Let l be o(-5). Suppose 0 = z - 0*z - 11. What is the greatest common divisor of l and z?
11
Let h = 10 - 19. Let x(y) = -y**3 - 8*y**2 + 9*y + 5. Let n be x(h). Suppose -n*s + 22 = -38. What is the highest common divisor of s and 24?
12
Let k(m) = -m**3 - 19*m**2 - 19*m - 3. Let x be k(-18). What is the highest common divisor of 720 and x?
15
Let m be (-1)/2*2 - -20. Suppose -m = 3*c - 2*c. Let x = 39 + c. Calculate the greatest common divisor of 8 and x.
4
Suppose 8*w - 3*w + 3*p = -116, 0 = -4*w + 3*p - 82. Let m = 35 + w. Let j = m + -3. Calculate the greatest common divisor of 15 and j.
5
Suppose 2*t + 108 = 5*t. Suppose n + 1 = 0, -2*n + 12 = 3*y - 22. Calculate the highest common factor of t and y.
12
Suppose 0 = -4*t - 4*w + 984, 24*t + 2*w - 243 = 23*t. What is the highest common factor of 1079 and t?
83
Let u = -730 + 2209. Calculate the highest common factor of u and 34.
17
Suppose 48 = 6*f - 30. Suppose -15*u = -f*u - 36. What is the greatest common factor of u and 45?
9
Suppose -9*n = -8 - 10. Suppose -c = n*c - 48. Calculate the highest common divisor of c and 16.
16
Suppose -1 + 7 = -2*u. Let b be 5 + (6/u - 0). Suppose o = b + 12. Calculate the greatest common divisor of o and 30.
15
Suppose -4*w = 4*s - 336, -w + 0*s + 76 = -s. Let b be (-4 - -1)*w/(-6). Suppose -b = -5*u - 0. What is the greatest common divisor of 2 and u?
2
Let r be (2 + 4)/((-12)/102). Let i = r + 81. Calculate the highest common factor of 10 and i.
10
Let j = -14 + 19. Let l(k) = -j + k**3 + 4 + 5*k**2 + 6. Let z be l(-5). What is the highest common factor of 5 and z?
5
Let t be (8/(-10))/(4/(-110)). Suppose 458 = -6*o + 80. Let h = o + 118. What is the highest common factor of t and h?
11
Suppose 8*h - 4*o + 470 = 13*h, 5*h - 5*o - 425 = 0. Calculate the greatest common divisor of h and 70.
10
Suppose 0 = h - 2*b - 31, h - 9 = -2*b + 10. Suppose h = 4*o - a, 2*o - 2*a = -0*o + 20. What is the greatest common divisor of 40 and o?
5
Suppose 1036*q - 1045*q = -351. Calculate the highest common factor of q and 286.
13
Suppose 3*n - 2*n + k = 6, -4*n - 3*k = -21. Let y = 13 - 7. Suppose 4*f + 11 = w, -w + y = -3*f - 6. Calculate the greatest common factor of n and w.
3
Let h be (11 + (-969)/85)/((-1)/15). Let m be (-1 + 3)*-1 - -6. Let k be (-24)/(-10) + m/(-10). What is the highest common divisor of k and h?
2
Suppose 9*s = 366 + 102. What is the greatest common divisor of 65 and s?
13
Let f = -37 - -57. Suppose -23*s = -2*s - 105. What is the greatest common factor of s and f?
5
Let i be 1/(-1)*((-600)/2)/6. Let f = 54 - i. What is the highest common factor of f and 4?
4
Suppose 0 = -p + 5*g + 17, -2*g + 39 = 5*p - 19. Suppose -2*x + 11 = -v - 4, 2*v + p = x. What is the greatest common divisor of x and 48?
6
Let h be 332/(-5) - 12/(-30). Let r = h - -83. Let s = -357 + 510. Calculate the greatest common divisor of s and r.
17
Suppose 19*h - 5*r = 16*h + 158, -3*h = r - 170. What is the highest common factor of 120 and h?
8
Let m be 84/(-49)*(-94 + 3). What is the greatest common divisor of 8 and m?
4
Let f(y) = y**3 - 18*y**2 + y - 6. Let u be f(18). Let z be (u/(-1))/((-24)/(-36)). Let g be z/126 - 36/(-7). What is the greatest common factor of g and 40?
5
Let k = 2087 - 1563. Calculate the highest common factor of 393 and k.
131
Let z be ((-12)/(-8))/(3/(-12)). Let b be z/4*(-8)/6. Let f = -31 - -35. Calculate the greatest common factor of f and b.
2
Let k be -1*((-3)/(-1) - -31)*2. Let a = k + 79. What is the greatest common divisor of 11 and a?
11
Let r(b) = 47*b + 861. Let c be r(-18). Let v = -66 - -306. What is the highest common factor of v and c?
15
Let m be 7 + 3 - (-2)/(-1). Let r be (3 + 13)/(-4) + 28. Calculate the greatest common divisor of m and r.
8
Suppose 6*d - 10 = -34. Let o be 2 + (-7)/(-1) + d. Suppose 0 = -3*n - 21 + 96. What is the greatest common factor of o and n?
5
Suppose o = 3*u + 8, 0*o + 10 = 2*o. Let d be u/(-3 + 20/6). Let y be (0 - 69/9)*d. Calculate the highest common divisor of y and 253.
23
Suppose 51*r = 53*r - 260. What is the highest common divisor of r and 26?
26
Let u(w) = w**3 + 8*w**2 - 7*w + 6. Let y be u(-7). Calculate the highest common divisor of y and 468.
52
Let v(c) = -c**3 + 4*c + 40. Let l be v(0). What is th